{"id":37619,"date":"2025-03-14T12:52:57","date_gmt":"2025-03-14T15:52:57","guid":{"rendered":"https:\/\/madameshop.com.br\/loja\/?post_type=product&#038;p=37619"},"modified":"2026-05-11T21:32:15","modified_gmt":"2026-05-12T00:32:15","slug":"macacao-comprido-jeans-feminino","status":"publish","type":"product","link":"https:\/\/madameshop.com.br\/loja\/macacao-comprido-jeans-feminino\/","title":{"rendered":"Macac\u00e3o Comprido Jeans Feminino"},"content":{"rendered":"<p>Se voc\u00ea est\u00e1 em busca de uma pe\u00e7a que una conforto, estilo e versatilidade, o <strong>Macac\u00e3o Comprido Jeans Feminino <\/strong>\u00e9 a op\u00e7\u00e3o perfeita para voc\u00ea.<\/p>\n<div class=\"cegg5-container cegg-data_item\"><div class=\"container px-0 mb-5 mt-1\" >\n\n                        \n<div class=\"cegg-item-card cegg-card  border\">\n\n    \n        \n    <div class=\"row p-3\">\n        <div class=\"cegg-item-card-img-col  col-md-6 position-relative\" style=\"max-width: 400px;\">\n\n                            <div class=\"position-relative\">\n\n                    \n                    <a rel=\"sponsored noopener\" onclick=\"gtag(&#039;event&#039;,&#039;cegg_affiliate_click&#039;,{&#039;cegg_product_title&#039;:&#039;Macac\u00e3o Jeans Feminino Plus Size&#039;,&#039;cegg_module&#039;:&#039;Awin&#039;,&#039;cegg_merchant&#039;:&#039;Posthaus BR&#039;,&#039;cegg_unique_id&#039;:&#039;39261814210&#039;,&#039;cegg_post_id&#039;:37619});\" target=\"_blank\" href=\"https:\/\/www.awin1.com\/pclick.php?p=39261814210&amp;a=1283115&amp;m=17634\" data-cegg-click=\"1\" data-cegg-link-id=\"326\" class=\"cegg-click\">                    <div class=\"ratio ratio-1x1 \">\n                        <img class=\"object-fit-scale rounded\" src=\"\/\/madameshop.com.br\/loja\/wp-content\/uploads\/2025\/03\/macacojeansfemininoplussizerazonjeans-3.jpg\" decoding=\"async\" loading=\"lazy\" alt=\"Macac\u00e3o Jeans Feminino Plus Size\" title=\"\">                    <\/div>\n                    <\/a>\n                <\/div>\n            \n        <\/div>\n\n        <div class=\"col ps-xl-3\">\n\n                            <h3 class=\"card-title h4 fw-normal  cegg-text-truncate-2 pt-2 pt-md-3\">Macac\u00e3o Jeans Feminino Plus Size<\/h3>                        \n                            <div class=\"pt-0 fs-4\">\n                    <div class=\"cegg-rating-stars\" style=\"--rating: 5\"><span class=\"cegg-rating-value ps-2 text-body-secondary\">5.0<\/span><\/div>                <\/div>\n            \n                            <div class=\"cegg-card-price lh-1 mt-3 mb-2 hstack gap-4\">\n\n                    <div>\n                        <span class=\"cegg-price fs-4 text-body-tertiary\">\n                                                    <\/span>\n                                            <\/div>\n\n                    \n                <\/div>\n\n                                    <div class=\"cegg-stock-status small\">\n                        <span class=\"text-body-secondary\"><span class=\"text-danger\"><\/span><\/span>                    <\/div>\n                            \n            \n                            <div class=\"cegg-card-cashback text-success small pt-1\">\n                                    <\/div>\n            \n                            <div class=\"cegg-card-button p-0 pt-3 d-grid col-sm-12 col-md-8\">\n\n                    <a rel=\"sponsored noopener\" onclick=\"gtag(&#039;event&#039;,&#039;cegg_affiliate_click&#039;,{&#039;cegg_product_title&#039;:&#039;Macac\u00e3o Jeans Feminino Plus Size&#039;,&#039;cegg_module&#039;:&#039;Awin&#039;,&#039;cegg_merchant&#039;:&#039;Posthaus BR&#039;,&#039;cegg_unique_id&#039;:&#039;39261814210&#039;,&#039;cegg_post_id&#039;:37619});\" target=\"_blank\" href=\"https:\/\/www.awin1.com\/pclick.php?p=39261814210&amp;a=1283115&amp;m=17634\" data-cegg-click=\"1\" data-cegg-link-id=\"326\" class=\"btn btn-success cegg-click\">SAIBA MAIS<\/a>                <\/div>\n                <div class=\"clearfix\"><\/div>\n\n            \n                            <div class=\"cegg-merchant fs-6 text-body-secondary pt-2\">\n\n                                            <span class=\"text-truncate\">Posthaus.com.br<\/span>\n                    \n                    \n                <\/div>\n                        \n        <\/div>\n    <\/div>\n<\/div>                \n\n        <div class=\"row\">\n            <div class=\"col\">\n\n                                \n<div class=\"mb-4\"><\/div>\n\n                \n                                \n\n\n            <\/div>\n        <\/div>\n    <\/div>\n    <div class=\"container px-0 mb-5 mt-1\" >\n\n                        \n<div class=\"cegg-item-card cegg-card  border\">\n\n    \n        \n    <div class=\"row p-3\">\n        <div class=\"cegg-item-card-img-col  col-md-6 position-relative\" style=\"max-width: 400px;\">\n\n                            <div class=\"position-relative\">\n\n                    \n                    <a rel=\"sponsored noopener\" onclick=\"gtag(&#039;event&#039;,&#039;cegg_affiliate_click&#039;,{&#039;cegg_product_title&#039;:&#039;Macac\u00e3o Jeans Claro&#039;,&#039;cegg_module&#039;:&#039;Awin&#039;,&#039;cegg_merchant&#039;:&#039;Posthaus BR&#039;,&#039;cegg_unique_id&#039;:&#039;40639147256&#039;,&#039;cegg_post_id&#039;:37619});\" target=\"_blank\" href=\"https:\/\/www.awin1.com\/pclick.php?p=40639147256&amp;a=1283115&amp;m=17634\" data-cegg-click=\"1\" data-cegg-link-id=\"327\" class=\"cegg-click\">                    <div class=\"ratio ratio-1x1 \">\n                        <img class=\"object-fit-scale rounded\" src=\"\/\/madameshop.com.br\/loja\/wp-content\/uploads\/2025\/03\/macacojeansclaroemdenimleve-3.jpg\" decoding=\"async\" loading=\"lazy\" alt=\"Macac\u00e3o Jeans Claro\" title=\"\">                    <\/div>\n                    <\/a>\n                <\/div>\n            \n        <\/div>\n\n        <div class=\"col ps-xl-3\">\n\n                            <h3 class=\"card-title h4 fw-normal  cegg-text-truncate-2 pt-2 pt-md-3\">Macac\u00e3o Jeans Claro<\/h3>                        \n                            <div class=\"pt-0 fs-4\">\n                    <div class=\"cegg-rating-stars\" style=\"--rating: 4\"><span class=\"cegg-rating-value ps-2 text-body-secondary\">4.0<\/span><\/div>                <\/div>\n            \n                            <div class=\"cegg-card-price lh-1 mt-3 mb-2 hstack gap-4\">\n\n                    <div>\n                        <span class=\"cegg-price fs-4 text-body-tertiary\">\n                                                    <\/span>\n                                            <\/div>\n\n                    \n                <\/div>\n\n                                    <div class=\"cegg-stock-status small\">\n                        <span class=\"text-body-secondary\"><span class=\"text-danger\"><\/span><\/span>                    <\/div>\n                            \n            \n                            <div class=\"cegg-card-cashback text-success small pt-1\">\n                                    <\/div>\n            \n                            <div class=\"cegg-card-button p-0 pt-3 d-grid col-sm-12 col-md-8\">\n\n                    <a rel=\"sponsored noopener\" onclick=\"gtag(&#039;event&#039;,&#039;cegg_affiliate_click&#039;,{&#039;cegg_product_title&#039;:&#039;Macac\u00e3o Jeans Claro&#039;,&#039;cegg_module&#039;:&#039;Awin&#039;,&#039;cegg_merchant&#039;:&#039;Posthaus BR&#039;,&#039;cegg_unique_id&#039;:&#039;40639147256&#039;,&#039;cegg_post_id&#039;:37619});\" target=\"_blank\" href=\"https:\/\/www.awin1.com\/pclick.php?p=40639147256&amp;a=1283115&amp;m=17634\" data-cegg-click=\"1\" data-cegg-link-id=\"327\" class=\"btn btn-success cegg-click\">SAIBA MAIS<\/a>                <\/div>\n                <div class=\"clearfix\"><\/div>\n\n            \n                            <div class=\"cegg-merchant fs-6 text-body-secondary pt-2\">\n\n                                            <span class=\"text-truncate\">Posthaus.com.br<\/span>\n                    \n                    \n                <\/div>\n                        \n        <\/div>\n    <\/div>\n<\/div>                \n\n        <div class=\"row\">\n            <div class=\"col\">\n\n                                \n<div class=\"mb-4\"><\/div>\n\n                                    <div class=\"egg-description text-body my-4\"><h2>&nbsp;<\/h2><\/div>\n                \n                                \n\n\n            <\/div>\n        <\/div>\n    <\/div>\n    <div class=\"container px-0 mb-5 mt-1\" >\n\n                        \n<div class=\"cegg-item-card cegg-card  border\">\n\n    \n        \n    <div class=\"row p-3\">\n        <div class=\"cegg-item-card-img-col  col-md-6 position-relative\" style=\"max-width: 400px;\">\n\n                            <div class=\"position-relative\">\n\n                    \n                    <a rel=\"sponsored noopener\" onclick=\"gtag(&#039;event&#039;,&#039;cegg_affiliate_click&#039;,{&#039;cegg_product_title&#039;:&#039;Macac\u00e3o Jeans Comprimento M\u00e9dio&#039;,&#039;cegg_module&#039;:&#039;Awin&#039;,&#039;cegg_merchant&#039;:&#039;Posthaus BR&#039;,&#039;cegg_unique_id&#039;:&#039;39784195080&#039;,&#039;cegg_post_id&#039;:37619});\" target=\"_blank\" href=\"https:\/\/www.awin1.com\/pclick.php?p=39784195080&amp;a=1283115&amp;m=17634\" data-cegg-click=\"1\" data-cegg-link-id=\"328\" class=\"cegg-click\">                    <div class=\"ratio ratio-1x1 \">\n                        <img class=\"object-fit-scale rounded\" src=\"\/\/madameshop.com.br\/loja\/wp-content\/uploads\/2025\/03\/macacojeansdecomprimentomdio-3.jpg\" decoding=\"async\" loading=\"lazy\" alt=\"Macac\u00e3o Jeans Comprimento M\u00e9dio\" title=\"\">                    <\/div>\n                    <\/a>\n                <\/div>\n            \n        <\/div>\n\n        <div class=\"col ps-xl-3\">\n\n                            <h3 class=\"card-title h4 fw-normal  cegg-text-truncate-2 pt-2 pt-md-3\">Macac\u00e3o Jeans Comprimento M\u00e9dio<\/h3>                        \n            \n                            <div class=\"cegg-card-price lh-1 mt-3 mb-2 hstack gap-4\">\n\n                    <div>\n                        <span class=\"cegg-price fs-4\">\n                            R$ 149,99                        <\/span>\n                                            <\/div>\n\n                    \n                <\/div>\n\n                                    <div class=\"cegg-stock-status small\">\n                        <span class=\"text-body-secondary\"><span class=\"text-success\"><span class=\"me-2\"><svg xmlns=\"http:\/\/www.w3.org\/2000\/svg\" width=\"16\" height=\"16\" fill=\"currentColor\" class=\"bi bi-check2\" viewBox=\"0 0 16 16\"><path d=\"M13.854 3.646a.5.5 0 0 1 0 .708l-7 7a.5.5 0 0 1-.708 0l-3.5-3.5a.5.5 0 1 1 .708-.708L6.5 10.293l6.646-6.647a.5.5 0 0 1 .708 0\"\/><\/svg><\/span><\/span><\/span>                    <\/div>\n                            \n            \n                            <div class=\"cegg-card-cashback text-success small pt-1\">\n                                    <\/div>\n            \n                            <div class=\"cegg-card-button p-0 pt-3 d-grid col-sm-12 col-md-8\">\n\n                    <a rel=\"sponsored noopener\" onclick=\"gtag(&#039;event&#039;,&#039;cegg_affiliate_click&#039;,{&#039;cegg_product_title&#039;:&#039;Macac\u00e3o Jeans Comprimento M\u00e9dio&#039;,&#039;cegg_module&#039;:&#039;Awin&#039;,&#039;cegg_merchant&#039;:&#039;Posthaus BR&#039;,&#039;cegg_unique_id&#039;:&#039;39784195080&#039;,&#039;cegg_post_id&#039;:37619});\" target=\"_blank\" href=\"https:\/\/www.awin1.com\/pclick.php?p=39784195080&amp;a=1283115&amp;m=17634\" data-cegg-click=\"1\" data-cegg-link-id=\"328\" class=\"btn btn-success cegg-click\">SAIBA MAIS<\/a>                <\/div>\n                <div class=\"clearfix\"><\/div>\n\n            \n                            <div class=\"cegg-merchant fs-6 text-body-secondary pt-2\">\n\n                                            <span class=\"text-truncate\">Posthaus.com.br<\/span>\n                    \n                    \n                <\/div>\n                        \n        <\/div>\n    <\/div>\n<\/div>                \n\n        <div class=\"row\">\n            <div class=\"col\">\n\n                                \n<div class=\"mb-4\"><\/div>\n\n                                    <div class=\"egg-description text-body my-4\"><h2>&nbsp;<\/h2><\/div>\n                \n                                \n\n\n            <\/div>\n        <\/div>\n    <\/div>\n    <div class=\"container px-0 mb-5 mt-1\" >\n\n                        \n<div class=\"cegg-item-card cegg-card  border\">\n\n    \n        \n    <div class=\"row p-3\">\n        <div class=\"cegg-item-card-img-col  col-md-6 position-relative\" style=\"max-width: 400px;\">\n\n                            <div class=\"position-relative\">\n\n                    \n                    <a rel=\"sponsored noopener\" onclick=\"gtag(&#039;event&#039;,&#039;cegg_affiliate_click&#039;,{&#039;cegg_product_title&#039;:&#039;Macac\u00e3o Comprido Jeans Feminino&#039;,&#039;cegg_module&#039;:&#039;Awin&#039;,&#039;cegg_merchant&#039;:&#039;Posthaus BR&#039;,&#039;cegg_unique_id&#039;:&#039;40346174769&#039;,&#039;cegg_post_id&#039;:37619});\" target=\"_blank\" href=\"https:\/\/www.awin1.com\/pclick.php?p=40346174769&amp;a=1283115&amp;m=17634\" data-cegg-click=\"1\" data-cegg-link-id=\"329\" class=\"cegg-click\">                    <div class=\"ratio ratio-1x1 \">\n                        <img class=\"object-fit-scale rounded\" src=\"\/\/madameshop.com.br\/loja\/wp-content\/uploads\/2025\/03\/macacocompridojeansfemininolavagemclara-1.jpg\" decoding=\"async\" loading=\"lazy\" alt=\"Macac\u00e3o Comprido Jeans Feminino\" title=\"\">                    <\/div>\n                    <\/a>\n                <\/div>\n            \n        <\/div>\n\n        <div class=\"col ps-xl-3\">\n\n                            <h3 class=\"card-title h4 fw-normal  cegg-text-truncate-2 pt-2 pt-md-3\">Macac\u00e3o Comprido Jeans Feminino<\/h3>                        \n            \n                            <div class=\"cegg-card-price lh-1 mt-3 mb-2 hstack gap-4\">\n\n                    <div>\n                        <span class=\"cegg-price fs-4 text-body-tertiary\">\n                                                    <\/span>\n                                            <\/div>\n\n                    \n                <\/div>\n\n                                    <div class=\"cegg-stock-status small\">\n                        <span class=\"text-body-secondary\"><span class=\"text-danger\"><\/span><\/span>                    <\/div>\n                            \n            \n                            <div class=\"cegg-card-cashback text-success small pt-1\">\n                                    <\/div>\n            \n                            <div class=\"cegg-card-button p-0 pt-3 d-grid col-sm-12 col-md-8\">\n\n                    <a rel=\"sponsored noopener\" onclick=\"gtag(&#039;event&#039;,&#039;cegg_affiliate_click&#039;,{&#039;cegg_product_title&#039;:&#039;Macac\u00e3o Comprido Jeans Feminino&#039;,&#039;cegg_module&#039;:&#039;Awin&#039;,&#039;cegg_merchant&#039;:&#039;Posthaus BR&#039;,&#039;cegg_unique_id&#039;:&#039;40346174769&#039;,&#039;cegg_post_id&#039;:37619});\" target=\"_blank\" href=\"https:\/\/www.awin1.com\/pclick.php?p=40346174769&amp;a=1283115&amp;m=17634\" data-cegg-click=\"1\" data-cegg-link-id=\"329\" class=\"btn btn-success cegg-click\">SAIBA MAIS<\/a>                <\/div>\n                <div class=\"clearfix\"><\/div>\n\n            \n                            <div class=\"cegg-merchant fs-6 text-body-secondary pt-2\">\n\n                                            <span class=\"text-truncate\">Posthaus.com.br<\/span>\n                    \n                    \n                <\/div>\n                        \n        <\/div>\n    <\/div>\n<\/div>                \n\n        <div class=\"row\">\n            <div class=\"col\">\n\n                                \n<div class=\"mb-4\"><\/div>\n\n                                    <div class=\"egg-description text-body my-4\"><h2>&nbsp;<\/h2><\/div>\n                \n                                \n\n\n            <\/div>\n        <\/div>\n    <\/div><\/div>\n<p>Este macac\u00e3o \u00e9 mais do que uma simples pe\u00e7a de roupa; \u00e9 uma verdadeira transforma\u00e7\u00e3o no seu guarda-roupa!<\/p>\n<h3>Versatilidade em Cada Ocasi\u00e3o<\/h3>\n<p>Uma das grandes vantagens do macac\u00e3o \u00e9 sua versatilidade. Ele pode ser facilmente utilizado em diversas ocasi\u00f5es, seja em um evento formal, como uma reuni\u00e3o de trabalho, ou em um passeio descontra\u00eddo com amigos.<\/p>\n<p>Com o\u00a0<strong><a href=\"https:\/\/madameshop.com.br\/loja\/macacao-jeans\/\" data-wpil-monitor-id=\"5\">macac\u00e3o jeans<\/a><\/strong>\u00a0de lavagem clara, voc\u00ea pode criar looks que v\u00e3o do chique ao casual em um piscar de olhos.<\/p>\n<h3>Eleve Seu Look<\/h3>\n<p>O macac\u00e3o \u00e9 uma pe\u00e7a que permite in\u00fameras combina\u00e7\u00f5es. Ao adicionar acess\u00f3rios elegantes, como um cinto estiloso ou joias delicadas, voc\u00ea consegue destacar-se com sofistica\u00e7\u00e3o e charme.<\/p>\n<p>Experimente combinar o macac\u00e3o com um par de saltos altos ou sand\u00e1lias para um toque extra de eleg\u00e2ncia, ou com t\u00eanis para um visual mais despojado e confort\u00e1vel.<\/p>\n<h3>Qualidade e Conforto<\/h3>\n<p>Feito com material de alta qualidade, o\u00a0<strong><a href=\"https:\/\/madameshop.com.br\/loja\/macacao-jeans-feminino\/\" data-wpil-monitor-id=\"6\">Macac\u00e3o Comprido Jeans Feminino<\/a> Lavagem Clara<\/strong>\u00a0proporciona conforto durante todo o dia.<\/p>\n<p>A sua modelagem foi pensada para valorizar o corpo feminino, garantindo que voc\u00ea se sinta linda e confiante em qualquer situa\u00e7\u00e3o.<\/p>\n<h3>Renove Seu Guarda-Roupa<\/h3>\n<p>N\u00e3o perca a oportunidade de adquirir esta pe\u00e7a incr\u00edvel! O macac\u00e3o \u00e9 uma tend\u00eancia que veio para ficar e, com certeza, vai fazer a diferen\u00e7a no seu dia a dia.<\/p>\n<p><strong>Adquira j\u00e1 o seu<\/strong>\u00a0e leve um toque de estilo e modernidade para o seu guarda-roupa!<\/p>\n<p>Transforme seu estilo e sinta-se maravilhosa com o\u00a0<strong>Macac\u00e3o Comprido Jeans Feminino Lavagem Clara<\/strong>!<\/p>\n","protected":false},"excerpt":{"rendered":"<p>Transforme seu Estilo com este Macac\u00e3o Comprido Jeans Feminino. \ud83d\udc47\u00a0<strong>N\u00e3o perca tempo, <\/strong>adquira j\u00e1 o seu e renove seu guarda-roupa com um toque de estilo!<\/p>\n","protected":false},"featured_media":37620,"comment_status":"closed","ping_status":"closed","template":"","meta":[],"product_brand":[],"product_cat":[821,726],"product_tag":[909],"class_list":{"0":"post-37619","1":"product","2":"type-product","3":"status-publish","4":"has-post-thumbnail","6":"product_cat-lancamentos","7":"product_cat-macacoes","8":"product_tag-macacao","10":"first","11":"instock","12":"shipping-taxable","13":"product-type-external"},"_links":{"self":[{"href":"https:\/\/madameshop.com.br\/loja\/wp-json\/wp\/v2\/product\/37619","targetHints":{"allow":["GET"]}}],"collection":[{"href":"https:\/\/madameshop.com.br\/loja\/wp-json\/wp\/v2\/product"}],"about":[{"href":"https:\/\/madameshop.com.br\/loja\/wp-json\/wp\/v2\/types\/product"}],"replies":[{"embeddable":true,"href":"https:\/\/madameshop.com.br\/loja\/wp-json\/wp\/v2\/comments?post=37619"}],"version-history":[{"count":3,"href":"https:\/\/madameshop.com.br\/loja\/wp-json\/wp\/v2\/product\/37619\/revisions"}],"predecessor-version":[{"id":37626,"href":"https:\/\/madameshop.com.br\/loja\/wp-json\/wp\/v2\/product\/37619\/revisions\/37626"}],"wp:featuredmedia":[{"embeddable":true,"href":"https:\/\/madameshop.com.br\/loja\/wp-json\/wp\/v2\/media\/37620"}],"wp:attachment":[{"href":"https:\/\/madameshop.com.br\/loja\/wp-json\/wp\/v2\/media?parent=37619"}],"wp:term":[{"taxonomy":"product_brand","embeddable":true,"href":"https:\/\/madameshop.com.br\/loja\/wp-json\/wp\/v2\/product_brand?post=37619"},{"taxonomy":"product_cat","embeddable":true,"href":"https:\/\/madameshop.com.br\/loja\/wp-json\/wp\/v2\/product_cat?post=37619"},{"taxonomy":"product_tag","embeddable":true,"href":"https:\/\/madameshop.com.br\/loja\/wp-json\/wp\/v2\/product_tag?post=37619"}],"curies":[{"name":"wp","href":"https:\/\/api.w.org\/{rel}","templated":true}]}}