{"id":37630,"date":"2025-03-14T13:25:56","date_gmt":"2025-03-14T16:25:56","guid":{"rendered":"https:\/\/madameshop.com.br\/loja\/?post_type=product&#038;p=37630"},"modified":"2026-03-30T17:31:39","modified_gmt":"2026-03-30T20:31:39","slug":"macacao-de-linho-feminino","status":"publish","type":"product","link":"https:\/\/madameshop.com.br\/loja\/macacao-de-linho-feminino\/","title":{"rendered":"Macac\u00e3o de Linho Feminino"},"content":{"rendered":"<p>Este <strong>Macac\u00e3o de Linho Feminino Risca de Giz <\/strong>\u00a0\u00e9 a escolha perfeita para quem deseja aliar eleg\u00e2ncia e conforto em suas produ\u00e7\u00f5es.<\/p>\n<div class=\"cegg5-container cegg-data_item\"><div class=\"container px-0 mb-5 mt-1\" >\n\n                        \n<div class=\"cegg-item-card cegg-card  border\">\n\n    \n        \n    <div class=\"row p-3\">\n        <div class=\"cegg-item-card-img-col  col-md-6 position-relative\" style=\"max-width: 400px;\">\n\n                            <div class=\"position-relative\">\n\n                    \n                    <a rel=\"sponsored noopener\" onclick=\"gtag(&#039;event&#039;,&#039;cegg_affiliate_click&#039;,{&#039;cegg_product_title&#039;:&#039;Macac\u00e3o Verde em Alfaiataria Risca de Giz&#039;,&#039;cegg_module&#039;:&#039;Awin&#039;,&#039;cegg_merchant&#039;:&#039;Posthaus BR&#039;,&#039;cegg_unique_id&#039;:&#039;39140532580&#039;,&#039;cegg_post_id&#039;:37630});\" target=\"_blank\" href=\"https:\/\/www.awin1.com\/pclick.php?p=39140532580&amp;a=1283115&amp;m=17634\" data-cegg-click=\"1\" data-cegg-link-id=\"330\" class=\"cegg-click\">                    <div class=\"ratio ratio-1x1 \">\n                        <img class=\"object-fit-scale rounded\" src=\"\/\/madameshop.com.br\/loja\/wp-content\/uploads\/2025\/03\/macacoverdeemalfaiatariacomestampaderiscadegiz-3.jpg\" decoding=\"async\" loading=\"lazy\" alt=\"Macac\u00e3o Verde em Alfaiataria Risca de Giz\" title=\"\">                    <\/div>\n                    <\/a>\n                <\/div>\n            \n        <\/div>\n\n        <div class=\"col ps-xl-3\">\n\n                            <h3 class=\"card-title h4 fw-normal  cegg-text-truncate-2 pt-2 pt-md-3\">Macac\u00e3o Verde em Alfaiataria Risca de Giz<\/h3>                        \n                            <div class=\"pt-0 fs-4\">\n                    <div class=\"cegg-rating-stars\" style=\"--rating: 2\"><span class=\"cegg-rating-value ps-2 text-body-secondary\">2.0<\/span><\/div>                <\/div>\n            \n                            <div class=\"cegg-card-price lh-1 mt-3 mb-2 hstack gap-4\">\n\n                    <div>\n                        <span class=\"cegg-price fs-4 text-body-tertiary\">\n                                                    <\/span>\n                                            <\/div>\n\n                    \n                <\/div>\n\n                                    <div class=\"cegg-stock-status small\">\n                        <span class=\"text-body-secondary\"><span class=\"text-danger\"><\/span><\/span>                    <\/div>\n                            \n            \n                            <div class=\"cegg-card-cashback text-success small pt-1\">\n                                    <\/div>\n            \n                            <div class=\"cegg-card-button p-0 pt-3 d-grid col-sm-12 col-md-8\">\n\n                    <a rel=\"sponsored noopener\" onclick=\"gtag(&#039;event&#039;,&#039;cegg_affiliate_click&#039;,{&#039;cegg_product_title&#039;:&#039;Macac\u00e3o Verde em Alfaiataria Risca de Giz&#039;,&#039;cegg_module&#039;:&#039;Awin&#039;,&#039;cegg_merchant&#039;:&#039;Posthaus BR&#039;,&#039;cegg_unique_id&#039;:&#039;39140532580&#039;,&#039;cegg_post_id&#039;:37630});\" target=\"_blank\" href=\"https:\/\/www.awin1.com\/pclick.php?p=39140532580&amp;a=1283115&amp;m=17634\" data-cegg-click=\"1\" data-cegg-link-id=\"330\" class=\"btn btn-success cegg-click\">SAIBA MAIS<\/a>                <\/div>\n                <div class=\"clearfix\"><\/div>\n\n            \n                            <div class=\"cegg-merchant fs-6 text-body-secondary pt-2\">\n\n                                            <span class=\"text-truncate\">Posthaus.com.br<\/span>\n                    \n                    \n                <\/div>\n                        \n        <\/div>\n    <\/div>\n<\/div>                \n\n        <div class=\"row\">\n            <div class=\"col\">\n\n                                \n<div class=\"mb-4\"><\/div>\n\n                \n                                \n\n\n            <\/div>\n        <\/div>\n    <\/div>\n    <div class=\"container px-0 mb-5 mt-1\" >\n\n                        \n<div class=\"cegg-item-card cegg-card  border\">\n\n    \n        \n    <div class=\"row p-3\">\n        <div class=\"cegg-item-card-img-col  col-md-6 position-relative\" style=\"max-width: 400px;\">\n\n                            <div class=\"position-relative\">\n\n                    \n                    <a rel=\"sponsored noopener\" onclick=\"gtag(&#039;event&#039;,&#039;cegg_affiliate_click&#039;,{&#039;cegg_product_title&#039;:&#039;Macac\u00e3o Caramelo Estampa de Risca de Giz&#039;,&#039;cegg_module&#039;:&#039;Awin&#039;,&#039;cegg_merchant&#039;:&#039;Posthaus BR&#039;,&#039;cegg_unique_id&#039;:&#039;38701026812&#039;,&#039;cegg_post_id&#039;:37630});\" target=\"_blank\" href=\"https:\/\/www.awin1.com\/pclick.php?p=38701026812&amp;a=1283115&amp;m=17634\" data-cegg-click=\"1\" data-cegg-link-id=\"331\" class=\"cegg-click\">                    <div class=\"ratio ratio-1x1 \">\n                        <img class=\"object-fit-scale rounded\" src=\"\/\/madameshop.com.br\/loja\/wp-content\/uploads\/2025\/03\/macacocaramelocomestampaderiscadegizemtecidodealfaiataria-3.jpg\" decoding=\"async\" loading=\"lazy\" alt=\"Macac\u00e3o Caramelo Estampa de Risca de Giz\" title=\"\">                    <\/div>\n                    <\/a>\n                <\/div>\n            \n        <\/div>\n\n        <div class=\"col ps-xl-3\">\n\n                            <h3 class=\"card-title h4 fw-normal  cegg-text-truncate-2 pt-2 pt-md-3\">Macac\u00e3o Caramelo Estampa de Risca de Giz<\/h3>                        \n                            <div class=\"pt-0 fs-4\">\n                    <div class=\"cegg-rating-stars\" style=\"--rating: 4\"><span class=\"cegg-rating-value ps-2 text-body-secondary\">4.0<\/span><\/div>                <\/div>\n            \n                            <div class=\"cegg-card-price lh-1 mt-3 mb-2 hstack gap-4\">\n\n                    <div>\n                        <span class=\"cegg-price fs-4\">\n                            R$ 140,39                        <\/span>\n                                                    <del class=\"cegg-old-price text-body-tertiary fs-5 fw-normal\">R$ 249,99<\/del>\n                                            <\/div>\n\n                    \n                <\/div>\n\n                                    <div class=\"cegg-stock-status small\">\n                        <span class=\"text-body-secondary\"><span class=\"text-success\"><span class=\"me-2\"><svg xmlns=\"http:\/\/www.w3.org\/2000\/svg\" width=\"16\" height=\"16\" fill=\"currentColor\" class=\"bi bi-check2\" viewBox=\"0 0 16 16\"><path d=\"M13.854 3.646a.5.5 0 0 1 0 .708l-7 7a.5.5 0 0 1-.708 0l-3.5-3.5a.5.5 0 1 1 .708-.708L6.5 10.293l6.646-6.647a.5.5 0 0 1 .708 0\"\/><\/svg><\/span><\/span><\/span>                    <\/div>\n                            \n            \n                            <div class=\"cegg-card-cashback text-success small pt-1\">\n                                    <\/div>\n            \n                            <div class=\"cegg-card-button p-0 pt-3 d-grid col-sm-12 col-md-8\">\n\n                    <a rel=\"sponsored noopener\" onclick=\"gtag(&#039;event&#039;,&#039;cegg_affiliate_click&#039;,{&#039;cegg_product_title&#039;:&#039;Macac\u00e3o Caramelo Estampa de Risca de Giz&#039;,&#039;cegg_module&#039;:&#039;Awin&#039;,&#039;cegg_merchant&#039;:&#039;Posthaus BR&#039;,&#039;cegg_unique_id&#039;:&#039;38701026812&#039;,&#039;cegg_post_id&#039;:37630});\" target=\"_blank\" href=\"https:\/\/www.awin1.com\/pclick.php?p=38701026812&amp;a=1283115&amp;m=17634\" data-cegg-click=\"1\" data-cegg-link-id=\"331\" class=\"btn btn-success cegg-click\">SAIBA MAIS<\/a>                <\/div>\n                <div class=\"clearfix\"><\/div>\n\n            \n                            <div class=\"cegg-merchant fs-6 text-body-secondary pt-2\">\n\n                                            <span class=\"text-truncate\">Posthaus.com.br<\/span>\n                    \n                    \n                <\/div>\n                        \n        <\/div>\n    <\/div>\n<\/div>                \n\n        <div class=\"row\">\n            <div class=\"col\">\n\n                                \n<div class=\"mb-4\"><\/div>\n\n                \n                                \n\n\n            <\/div>\n        <\/div>\n    <\/div>\n    <div class=\"container px-0 mb-5 mt-1\" >\n\n                        \n<div class=\"cegg-item-card cegg-card  border\">\n\n    \n        \n    <div class=\"row p-3\">\n        <div class=\"cegg-item-card-img-col  col-md-6 position-relative\" style=\"max-width: 400px;\">\n\n                            <div class=\"position-relative\">\n\n                    \n                    <a rel=\"sponsored noopener\" onclick=\"gtag(&#039;event&#039;,&#039;cegg_affiliate_click&#039;,{&#039;cegg_product_title&#039;:&#039;Macac\u00e3o Pantalona Verde em Viscolinho&#039;,&#039;cegg_module&#039;:&#039;Awin&#039;,&#039;cegg_merchant&#039;:&#039;Posthaus BR&#039;,&#039;cegg_unique_id&#039;:&#039;39889240384&#039;,&#039;cegg_post_id&#039;:37630});\" target=\"_blank\" href=\"https:\/\/www.awin1.com\/pclick.php?p=39889240384&amp;a=1283115&amp;m=17634\" data-cegg-click=\"1\" data-cegg-link-id=\"332\" class=\"cegg-click\">                    <div class=\"ratio ratio-1x1 \">\n                        <img class=\"object-fit-scale rounded\" src=\"\/\/madameshop.com.br\/loja\/wp-content\/uploads\/2025\/03\/macacopantalonaverdeemviscolinho-3.jpg\" decoding=\"async\" loading=\"lazy\" alt=\"Macac\u00e3o Pantalona Verde em Viscolinho\" title=\"\">                    <\/div>\n                    <\/a>\n                <\/div>\n            \n        <\/div>\n\n        <div class=\"col ps-xl-3\">\n\n                            <h3 class=\"card-title h4 fw-normal  cegg-text-truncate-2 pt-2 pt-md-3\">Macac\u00e3o Pantalona Verde em Viscolinho<\/h3>                        \n            \n                            <div class=\"cegg-card-price lh-1 mt-3 mb-2 hstack gap-4\">\n\n                    <div>\n                        <span class=\"cegg-price fs-4\">\n                            R$ 475,15                        <\/span>\n                                                    <del class=\"cegg-old-price text-body-tertiary fs-5 fw-normal\">R$ 559,00<\/del>\n                                            <\/div>\n\n                    \n                <\/div>\n\n                                    <div class=\"cegg-stock-status small\">\n                        <span class=\"text-body-secondary\"><span class=\"text-success\"><span class=\"me-2\"><svg xmlns=\"http:\/\/www.w3.org\/2000\/svg\" width=\"16\" height=\"16\" fill=\"currentColor\" class=\"bi bi-check2\" viewBox=\"0 0 16 16\"><path d=\"M13.854 3.646a.5.5 0 0 1 0 .708l-7 7a.5.5 0 0 1-.708 0l-3.5-3.5a.5.5 0 1 1 .708-.708L6.5 10.293l6.646-6.647a.5.5 0 0 1 .708 0\"\/><\/svg><\/span><\/span><\/span>                    <\/div>\n                            \n            \n                            <div class=\"cegg-card-cashback text-success small pt-1\">\n                                    <\/div>\n            \n                            <div class=\"cegg-card-button p-0 pt-3 d-grid col-sm-12 col-md-8\">\n\n                    <a rel=\"sponsored noopener\" onclick=\"gtag(&#039;event&#039;,&#039;cegg_affiliate_click&#039;,{&#039;cegg_product_title&#039;:&#039;Macac\u00e3o Pantalona Verde em Viscolinho&#039;,&#039;cegg_module&#039;:&#039;Awin&#039;,&#039;cegg_merchant&#039;:&#039;Posthaus BR&#039;,&#039;cegg_unique_id&#039;:&#039;39889240384&#039;,&#039;cegg_post_id&#039;:37630});\" target=\"_blank\" href=\"https:\/\/www.awin1.com\/pclick.php?p=39889240384&amp;a=1283115&amp;m=17634\" data-cegg-click=\"1\" data-cegg-link-id=\"332\" class=\"btn btn-success cegg-click\">SAIBA MAIS<\/a>                <\/div>\n                <div class=\"clearfix\"><\/div>\n\n            \n                            <div class=\"cegg-merchant fs-6 text-body-secondary pt-2\">\n\n                                            <span class=\"text-truncate\">Posthaus.com.br<\/span>\n                    \n                    \n                <\/div>\n                        \n        <\/div>\n    <\/div>\n<\/div>                \n\n        <div class=\"row\">\n            <div class=\"col\">\n\n                                \n<div class=\"mb-4\"><\/div>\n\n                \n                                \n\n\n            <\/div>\n        <\/div>\n    <\/div>\n    <div class=\"container px-0 mb-5 mt-1\" >\n\n                        \n<div class=\"cegg-item-card cegg-card  border\">\n\n    \n        \n    <div class=\"row p-3\">\n        <div class=\"cegg-item-card-img-col  col-md-6 position-relative\" style=\"max-width: 400px;\">\n\n                            <div class=\"position-relative\">\n\n                    \n                    <a rel=\"sponsored noopener\" onclick=\"gtag(&#039;event&#039;,&#039;cegg_affiliate_click&#039;,{&#039;cegg_product_title&#039;:&#039;Macac\u00e3o Longo Um Ombro S\u00f3&#039;,&#039;cegg_module&#039;:&#039;Awin&#039;,&#039;cegg_merchant&#039;:&#039;Posthaus BR&#039;,&#039;cegg_unique_id&#039;:&#039;39090000839&#039;,&#039;cegg_post_id&#039;:37630});\" target=\"_blank\" href=\"https:\/\/www.awin1.com\/pclick.php?p=39090000839&amp;a=1283115&amp;m=17634\" data-cegg-click=\"1\" data-cegg-link-id=\"333\" class=\"cegg-click\">                    <div class=\"ratio ratio-1x1 \">\n                        <img class=\"object-fit-scale rounded\" src=\"\/\/madameshop.com.br\/loja\/wp-content\/uploads\/2025\/03\/macacolongopkscomumombrosbranco-3.jpg\" decoding=\"async\" loading=\"lazy\" alt=\"Macac\u00e3o Longo Um Ombro S\u00f3\" title=\"\">                    <\/div>\n                    <\/a>\n                <\/div>\n            \n        <\/div>\n\n        <div class=\"col ps-xl-3\">\n\n                            <h3 class=\"card-title h4 fw-normal  cegg-text-truncate-2 pt-2 pt-md-3\">Macac\u00e3o Longo Um Ombro S\u00f3<\/h3>                        \n            \n                            <div class=\"cegg-card-price lh-1 mt-3 mb-2 hstack gap-4\">\n\n                    <div>\n                        <span class=\"cegg-price fs-4 text-body-tertiary\">\n                                                    <\/span>\n                                            <\/div>\n\n                    \n                <\/div>\n\n                                    <div class=\"cegg-stock-status small\">\n                        <span class=\"text-body-secondary\"><span class=\"text-danger\"><\/span><\/span>                    <\/div>\n                            \n            \n                            <div class=\"cegg-card-cashback text-success small pt-1\">\n                                    <\/div>\n            \n                            <div class=\"cegg-card-button p-0 pt-3 d-grid col-sm-12 col-md-8\">\n\n                    <a rel=\"sponsored noopener\" onclick=\"gtag(&#039;event&#039;,&#039;cegg_affiliate_click&#039;,{&#039;cegg_product_title&#039;:&#039;Macac\u00e3o Longo Um Ombro S\u00f3&#039;,&#039;cegg_module&#039;:&#039;Awin&#039;,&#039;cegg_merchant&#039;:&#039;Posthaus BR&#039;,&#039;cegg_unique_id&#039;:&#039;39090000839&#039;,&#039;cegg_post_id&#039;:37630});\" target=\"_blank\" href=\"https:\/\/www.awin1.com\/pclick.php?p=39090000839&amp;a=1283115&amp;m=17634\" data-cegg-click=\"1\" data-cegg-link-id=\"333\" class=\"btn btn-success cegg-click\">SAIBA MAIS<\/a>                <\/div>\n                <div class=\"clearfix\"><\/div>\n\n            \n                            <div class=\"cegg-merchant fs-6 text-body-secondary pt-2\">\n\n                                            <span class=\"text-truncate\">Posthaus.com.br<\/span>\n                    \n                    \n                <\/div>\n                        \n        <\/div>\n    <\/div>\n<\/div>                \n\n        <div class=\"row\">\n            <div class=\"col\">\n\n                                \n<div class=\"mb-4\"><\/div>\n\n                \n                                \n\n\n            <\/div>\n        <\/div>\n    <\/div>\n    <div class=\"container px-0 mb-5 mt-1\" >\n\n                        \n<div class=\"cegg-item-card cegg-card  border\">\n\n    \n        \n    <div class=\"row p-3\">\n        <div class=\"cegg-item-card-img-col  col-md-6 position-relative\" style=\"max-width: 400px;\">\n\n                            <div class=\"position-relative\">\n\n                    \n                    <a rel=\"sponsored noopener\" onclick=\"gtag(&#039;event&#039;,&#039;cegg_affiliate_click&#039;,{&#039;cegg_product_title&#039;:&#039;Macac\u00e3o Bege em Viscolinho&#039;,&#039;cegg_module&#039;:&#039;Awin&#039;,&#039;cegg_merchant&#039;:&#039;Posthaus BR&#039;,&#039;cegg_unique_id&#039;:&#039;38885876683&#039;,&#039;cegg_post_id&#039;:37630});\" target=\"_blank\" href=\"https:\/\/www.awin1.com\/pclick.php?p=38885876683&amp;a=1283115&amp;m=17634\" data-cegg-click=\"1\" data-cegg-link-id=\"334\" class=\"cegg-click\">                    <div class=\"ratio ratio-1x1 \">\n                        <img class=\"object-fit-scale rounded\" src=\"\/\/madameshop.com.br\/loja\/wp-content\/uploads\/2025\/03\/macacobegeemviscolinho-3.jpg\" decoding=\"async\" loading=\"lazy\" alt=\"Macac\u00e3o Bege em Viscolinho\" title=\"\">                    <\/div>\n                    <\/a>\n                <\/div>\n            \n        <\/div>\n\n        <div class=\"col ps-xl-3\">\n\n                            <h3 class=\"card-title h4 fw-normal  cegg-text-truncate-2 pt-2 pt-md-3\">Macac\u00e3o Bege em Viscolinho<\/h3>                        \n                            <div class=\"pt-0 fs-4\">\n                    <div class=\"cegg-rating-stars\" style=\"--rating: 5\"><span class=\"cegg-rating-value ps-2 text-body-secondary\">5.0<\/span><\/div>                <\/div>\n            \n                            <div class=\"cegg-card-price lh-1 mt-3 mb-2 hstack gap-4\">\n\n                    <div>\n                        <span class=\"cegg-price fs-4\">\n                            R$ 448,20                        <\/span>\n                                                    <del class=\"cegg-old-price text-body-tertiary fs-5 fw-normal\">R$ 498,00<\/del>\n                                            <\/div>\n\n                    \n                <\/div>\n\n                                    <div class=\"cegg-stock-status small\">\n                        <span class=\"text-body-secondary\"><span class=\"text-success\"><span class=\"me-2\"><svg xmlns=\"http:\/\/www.w3.org\/2000\/svg\" width=\"16\" height=\"16\" fill=\"currentColor\" class=\"bi bi-check2\" viewBox=\"0 0 16 16\"><path d=\"M13.854 3.646a.5.5 0 0 1 0 .708l-7 7a.5.5 0 0 1-.708 0l-3.5-3.5a.5.5 0 1 1 .708-.708L6.5 10.293l6.646-6.647a.5.5 0 0 1 .708 0\"\/><\/svg><\/span><\/span><\/span>                    <\/div>\n                            \n            \n                            <div class=\"cegg-card-cashback text-success small pt-1\">\n                                    <\/div>\n            \n                            <div class=\"cegg-card-button p-0 pt-3 d-grid col-sm-12 col-md-8\">\n\n                    <a rel=\"sponsored noopener\" onclick=\"gtag(&#039;event&#039;,&#039;cegg_affiliate_click&#039;,{&#039;cegg_product_title&#039;:&#039;Macac\u00e3o Bege em Viscolinho&#039;,&#039;cegg_module&#039;:&#039;Awin&#039;,&#039;cegg_merchant&#039;:&#039;Posthaus BR&#039;,&#039;cegg_unique_id&#039;:&#039;38885876683&#039;,&#039;cegg_post_id&#039;:37630});\" target=\"_blank\" href=\"https:\/\/www.awin1.com\/pclick.php?p=38885876683&amp;a=1283115&amp;m=17634\" data-cegg-click=\"1\" data-cegg-link-id=\"334\" class=\"btn btn-success cegg-click\">SAIBA MAIS<\/a>                <\/div>\n                <div class=\"clearfix\"><\/div>\n\n            \n                            <div class=\"cegg-merchant fs-6 text-body-secondary pt-2\">\n\n                                            <span class=\"text-truncate\">Posthaus.com.br<\/span>\n                    \n                    \n                <\/div>\n                        \n        <\/div>\n    <\/div>\n<\/div>                \n\n        <div class=\"row\">\n            <div class=\"col\">\n\n                                \n<div class=\"mb-4\"><\/div>\n\n                \n                                \n\n\n            <\/div>\n        <\/div>\n    <\/div><\/div>\n<p>Com uma modelagem justa e um design moderno, este modelo pantalona se destaca pela sua sofistica\u00e7\u00e3o e pela aten\u00e7\u00e3o aos detalhes.<\/p>\n<p>Uma das principais caracter\u00edsticas deste macac\u00e3o de linho feminino \u00e9 o decote frente quadrado, que valoriza a silhueta feminina e oferece um toque de charme ao visual.<\/p>\n<p>Al\u00e9m disso, o <a href=\"https:\/\/madameshop.com.br\/loja\/macacao-comprido-jeans-feminino\/\" data-wpil-monitor-id=\"7\">macac\u00e3o<\/a> conta com um pr\u00e1tico bolso faca, ideal para quem preza pela funcionalidade sem abrir m\u00e3o do estilo.<\/p>\n<p>O comprimento longo do macac\u00e3o de linho feminino proporciona um ar de formalidade, sendo uma excelente op\u00e7\u00e3o para diversas ocasi\u00f5es, desde eventos sociais at\u00e9 encontros de trabalho.<\/p>\n<p>O fechamento em z\u00edper garante um ajuste perfeito, permitindo que voc\u00ea se sinta confort\u00e1vel e confiante durante todo o dia.<\/p>\n<p>Feito em <strong><a href=\"https:\/\/madameshop.com.br\/loja\/glossario\/qual-tecido-de-alfaiataria-nao-amassa\/\" data-wpil-monitor-id=\"8\">tecido de alfaiataria<\/a><\/strong>, o macac\u00e3o risca de giz caramelo n\u00e3o s\u00f3 \u00e9 bonito, mas tamb\u00e9m \u00e9 uma pe\u00e7a resistente e de qualidade, ideal para quem busca durabilidade em suas roupas.<\/p>\n<p>A estampa risca de giz, cl\u00e1ssica e atemporal, torna esta pe\u00e7a ainda mais vers\u00e1til, permitindo combina\u00e7\u00f5es com diferentes acess\u00f3rios e cal\u00e7ados.<\/p>\n<p>Se voc\u00ea est\u00e1 em busca de um item que una estilo e praticidade, o <strong>Macac\u00e3o de Linho Feminino <\/strong>\u00e9 uma excelente escolha.<\/p>\n<p>Aposte nesta pe\u00e7a e transforme seu look com um toque de eleg\u00e2ncia e modernidade!<\/p>\n","protected":false},"excerpt":{"rendered":"<p><strong>Macac\u00e3o de Linho Feminino Risca de Giz em Alfaiataria<\/strong>: a pe\u00e7a perfeita para quem busca eleg\u00e2ncia e sofistica\u00e7\u00e3o. Acesse agora \ud83d\udc47 e garanta o seu!<\/p>\n","protected":false},"featured_media":37633,"comment_status":"closed","ping_status":"closed","template":"","meta":[],"product_brand":[],"product_cat":[821,726,799,822],"product_tag":[],"class_list":{"0":"post-37630","1":"product","2":"type-product","3":"status-publish","4":"has-post-thumbnail","6":"product_cat-lancamentos","7":"product_cat-macacoes","8":"product_cat-macacoes-plus-size","9":"product_cat-moda-festa","11":"first","12":"instock","13":"sale","14":"shipping-taxable","15":"product-type-external"},"_links":{"self":[{"href":"https:\/\/madameshop.com.br\/loja\/wp-json\/wp\/v2\/product\/37630","targetHints":{"allow":["GET"]}}],"collection":[{"href":"https:\/\/madameshop.com.br\/loja\/wp-json\/wp\/v2\/product"}],"about":[{"href":"https:\/\/madameshop.com.br\/loja\/wp-json\/wp\/v2\/types\/product"}],"replies":[{"embeddable":true,"href":"https:\/\/madameshop.com.br\/loja\/wp-json\/wp\/v2\/comments?post=37630"}],"version-history":[{"count":3,"href":"https:\/\/madameshop.com.br\/loja\/wp-json\/wp\/v2\/product\/37630\/revisions"}],"predecessor-version":[{"id":37642,"href":"https:\/\/madameshop.com.br\/loja\/wp-json\/wp\/v2\/product\/37630\/revisions\/37642"}],"wp:featuredmedia":[{"embeddable":true,"href":"https:\/\/madameshop.com.br\/loja\/wp-json\/wp\/v2\/media\/37633"}],"wp:attachment":[{"href":"https:\/\/madameshop.com.br\/loja\/wp-json\/wp\/v2\/media?parent=37630"}],"wp:term":[{"taxonomy":"product_brand","embeddable":true,"href":"https:\/\/madameshop.com.br\/loja\/wp-json\/wp\/v2\/product_brand?post=37630"},{"taxonomy":"product_cat","embeddable":true,"href":"https:\/\/madameshop.com.br\/loja\/wp-json\/wp\/v2\/product_cat?post=37630"},{"taxonomy":"product_tag","embeddable":true,"href":"https:\/\/madameshop.com.br\/loja\/wp-json\/wp\/v2\/product_tag?post=37630"}],"curies":[{"name":"wp","href":"https:\/\/api.w.org\/{rel}","templated":true}]}}